Let n(c) = c**3 - 2*c**2 + 2*c + 6. Determine n(0).
6
Let n(c) = -146*c**2 + 2*c. Calculate n(-1).
-148
Let v(m) = 3*m - 40. Calculate v(13).
-1
Let j(m) = -m**2 - 14*m - 37. Determine j(-10).
3
Let b(q) = -2*q**2 + 38*q - 42. Give b(17).
26
Let d(g) = g**2 + 2*g + 17. Determine d(0).
17
Let n(i) = i**3 - 3*i**2 - 5*i + 3. What is n(5)?
28
Let u(m) = -2*m**3 - 2*m**2 + 2*m - 2. Determine u(1).
-4
Let t(o) = o**3 + 16*o**2 - 16*o + 16. Calculate t(-17).
-1
Let l(v) = 5*v + 25. Determine l(-7).
-10
Let v(c) = -4*c**2 + 8*c - 24. Give v(6).
-120
Let v(c) = -3*c**2 + c + 46. Give v(-9).
-206
Let b(h) = -h**2 - 3. What is b(-8)?
-67
Let t(u) = 3*u**3 + u**2 - 6*u + 3. What is t(2)?
19
Let t(y) = -y**2 - 2*y - 7. Calculate t(-4).
-15
Let f(i) = i**3 - 12*i**2 + 7*i + 7. What is f(11)?
-37
Let u(k) = -k**3 + 13*k**2 + 18*k - 22. Calculate u(14).
34
Let r(t) = -t**3 - 5*t**2 - 14*t - 7. What is r(-4)?
33
Let p(y) = -6*y - 10. Determine p(-3).
8
Let o(f) = 11*f - 27. What is o(5)?
28
Let z(m) = -5*m - 14. What is z(-9)?
31
Let u(k) = k**2 - k + 64. Determine u(0).
64
Let w(k) = 4*k + 30. Determine w(9).
66
Let u(z) = 10*z - 209. Determine u(21).
1
Let m(u) = -u**2 - 15*u - 55. Give m(-6).
-1
Let t(u) = 50*u + 1. Calculate t(1).
51
Let q(k) = 24*k**3 - 1. What is q(-1)?
-25
Let v(h) = -3*h + 23. Give v(9).
-4
Let z(k) = 18*k + 2. Determine z(4).
74
Let w(a) = -a**3 - a**2 - 3*a + 4. What is w(3)?
-41
Let a(k) = k**2 - 23*k - 17. Calculate a(22).
-39
Let j(l) = -26*l + 96. Calculate j(4).
-8
Let y(w) = w**3 + 1. What is y(0)?
1
Let m(u) = -4*u + 30. Determine m(9).
-6
Let i(r) = r**2 - 2*r. Calculate i(2).
0
Let u(h) = h**3 - 8*h**2 + 4. What is u(8)?
4
Let r(v) = -11*v**3 - v + 1. Calculate r(1).
-11
Let r(i) = -i**3 - 21*i**2 + 42*i - 96. Calculate r(-23).
-4
Let c(o) = -o**2 + 2*o + 5. Calculate c(3).
2
Let q(i) = i - 21. Determine q(25).
4
Let q(i) = -i**2 + 4*i - 3. What is q(8)?
-35
Let t(r) = -r**2 + 17*r + 90. Give t(20).
30
Let i(c) = -36*c - 1. What is i(1)?
-37
Let y(b) = -2*b**2 + 2*b. What is y(-2)?
-12
Let h(a) = 3*a**3 + 19*a**2 + 14*a + 38. What is h(-6)?
-10
Let q(w) = w**3 + 8*w**2 + 6*w - 3. What is q(-7)?
4
Let a(w) = -w**2 - 3*w + 5. Calculate a(-3).
5
Let l(g) = 8*g + 10. Determine l(4).
42
Let o(t) = -3*t**2 - 13*t - 12. Determine o(-3).
0
Let t(a) = -a**3 - 38*a**2 + 38*a - 63. Calculate t(-39).
-24
Let p(x) = -103*x - 1236. Determine p(-12).
0
Let o(i) = -3*i**2 + i - 1. Give o(1).
-3
Let f(v) = 3*v**3 + v**2 + 2*v - 4. Determine f(2).
28
Let l(a) = -3*a**2 - 2*a + 1. Give l(-2).
-7
Let w(i) = i**2 + 11*i - 33. Calculate w(-12).
-21
Let c(k) = -k**2 - k - 28. Give c(0).
-28
Let a(w) = w + 2. What is a(-4)?
-2
Let a(z) = -z**2 + 7*z - 5. What is a(1)?
1
Let c(j) = 3*j**3 + 12*j**2 + j + 11. Determine c(-4).
7
Let k(h) = -h**3 - 6*h**2 - 7*h - 6. What is k(-4)?
-10
Let v(l) = -l**3 - 3*l - 1. Calculate v(-3).
35
Let n(z) = z**2 + 24*z - 16. Determine n(-20).
-96
Let h(x) = -x**3 + 11*x**2 - 4*x - 9. Determine h(11).
-53
Let u(g) = -12*g + 221. Give u(15).
41
Let f(b) = -9*b + 4. Calculate f(3).
-23
Let o(v) = -v**3 + 8*v**2 + v - 3. Calculate o(8).
5
Let s(x) = -2*x - 71. Calculate s(-25).
-21
Let y(u) = -2*u**2 - 22*u - 62. What is y(-5)?
-2
Let i(v) = -v**3 - 6*v**2 + 28*v - 17. What is i(3)?
-14
Let p(q) = 10*q + 9. Give p(-6).
-51
Let g(l) = -l**2 + 58*l - 719. Determine g(18).
1
Let z(l) = -4*l**3 + 4*l**2 + 3*l - 1. Give z(-1).
4
Let w(n) = -3*n + 86. What is w(29)?
-1
Let q(d) = d**2 + 7*d + 7. Give q(-7).
7
Let p(r) = -r**3 + 7*r**2 + 11*r - 2. What is p(9)?
-65
Let q(p) = -p**2 + 4*p + 39. Give q(8).
7
Let z(u) = -15*u - 3. Give z(2).
-33
Let g(q) = q + 18. What is g(-11)?
7
Let j(s) = 2*s**2 - 20*s + 14. Determine j(10).
14
Let t(x) = x**2 + 18*x + 17. What is t(-21)?
80
Let h(d) = d**3 + 5*d**2 - 4*d - 15. What is h(-5)?
5
Let b(d) = -d - 37. What is b(0)?
-37
Let x(j) = 63*j + 196. Give x(-3).
7
Let k(q) = 4*q**2 - q - 8. Calculate k(3).
25
Let k(q) = 2*q**2 + 55*q + 132. What is k(-25)?
7
Let v(o) = o**3 - 4*o**2 + o - 80. What is v(6)?
-2
Let z(l) = l**3 + 18*l**2 - 3*l - 23. What is z(-18)?
31
Let o(b) = b**3 - b**2 + b + 2. What is o(0)?
2
Let b(v) = v**3 + 16*v**2 - 17*v + 11. Give b(-17).
11
Let x(q) = -23*q + 1. Give x(1).
-22
Let t(m) = -m**3 - 6*m**2 - 9*m - 7. What is t(-6)?
47
Let k(a) = -62*a + 130. Determine k(2).
6
Let m(n) = n**2 + 3*n + 2. Give m(-9).
56
Let m(k) = -2*k**2 - 3*k - 3. Determine m(-2).
-5
Let j(z) = -2*z**2 + 11*z - 5. Determine j(5).
0
Let w(i) = i**3 - 6*i**2 + 2*i. Give w(3).
-21
Let i(o) = -o**2 - 21*o + 7. Calculate i(0).
7
Let l(b) = -b**2 - 12*b - 12. Calculate l(-4).
20
Let p(s) = 2*s**2 - 45*s + 22. Determine p(22).
0
Let p(o) = -2*o**2 - 12*o - 1. Give p(-8).
-33
Let x(j) = -j**3 + 7*j**2 + 101*j - 31. Determine x(14).
11
Let m(t) = -t**3 + t**2 + 3. Determine m(2).
-1
Let s(b) = -7*b - 8. Determine s(-6).
34
Let f(p) = -2*p - 3. What is f(-3)?
3
Let t(r) = r**2 - 6*r - 9. Determine t(-3).
18
Let b(u) = u**2 + u - 45. Give b(6).
-3
Let g(o) = -2*o + 36. What is g(-12)?
60
Let q(y) = y**2 + 5*y + 111. Give q(0).
111
Let n(g) = g**2 + 69*g + 66. Give n(-68).
-2
Let t(c) = -c**3 - 25*c**2 - 44*c - 17. Determine t(-23).
-63
Let s(m) = -m**3 - 12*m**2 + 7. Give s(-12).
7
Let w(c) = -c**3 - 26*c**2 + 3*c + 10. Determine w(-26).
-68
Let w(r) = -15*r - 89. Determine w(-6).
1
Let p(g) = -9*g + 4. Calculate p(1).
-5
Let d(k) = -4*k**2 - 153*k - 33. Determine d(-38).
5
Let q(d) = d**3 - 9*d**2 + 21*d - 22. Give q(6).
-4
Let l(h) = 4*h - 90. Determine l(0).
-90
Let n(z) = 206*z + 407. What is n(-2)?
-5
Let h(l) = 2*l**2 + 8*l + 5. Give h(-5).
15
Let f(b) = 47*b - 467. What is f(10)?
3
Let h(v) = -3*v + 4. Determine h(-18).
58
Let w(m) = 2*m**2 + 21*m - 214. Calculate w(-17).
7
Let f(w) = -w**2 + 2. What is f(-5)?
-23
Let g(h) = -h**3 + 4*h**2 + 3*h - 7. Determine g(3).
11
Let t(k) = -k**3 - 9*k**2 - 14*k - 9. Calculate t(-7).
-9
Let w(t) = -t**2 + 14*t - 26. Calculate w(2).
-2
Let c(f) = f**2 - 6*f + 24. Determine c(8).
40
Let s(k) = k**2 + 29*k - 32. Give s(-30).
-2
Let l(m) = -3*m - 8. What is l(-4)?
4
Let x(m) = 27*m - 469. Calculate x(17).
-10
Let o(k) = k**3 + 4*k**2 + 11. Determine o(-4).
11
Let t(w) = w**3 - 14*w**2 - 14*w - 12. Determine t(15).
3
Let r(g) = -2*g - 4. Determine r(-8).
12
Let x(h) = -h**2 - h + 6. Give x(3).
-6
Let u(x) = 35*x - 1. Determine u(1).
34
Let m(y) = -4*y - 3. Calculate m(8).
-35
Let f(d) = 19*d - 158. Give f(8).
-6
Let m(q) = 6*q**3 - 2*q**2 - 3*q + 5. Calculate m(1).
6
Let i(r) = -11*r**2 - 15*r + 3. What is i(-2)?
-11
Let h(b) = b**3 - 22*b**2 + 103*b + 10. Give h(7).
-4
Let f(p) = p + 4. Give f(-29).
-25
Let f(u) = u**3 + u**2 - u - 3. What is f(0)?
-3
Let v(m) = 16*m + 146. Determine v(-9).
2
Let c(u) = -u**2 + 5*u + 8. What is c(9)?
-28
Let m(n) = 3*n**3 + 3*n**2 - 7*n - 14. What is m(-2)?
-12
Let j(t) = 28*t**2 + 3*t. Determine j(-1).
25
Let h(k) = -k**2 + 14*k + 28. Calculate h(15).
13
Let c(w) = -6*w**3 - w**2 + w - 2. What is c(2)?
-52
Let p(u) = 2*u + 16. Give p(-4).
8
Let a(c) = -9*c + 34. What is a(8)?
-38
Let u(b) = b - 1. Determine u(2).
1
Let f(k) = k**3 - 4*k**2 - k + 3. Determine f(5).
23
Let x(j) = j**3 + 11*j**2 + 14*j + 24. Give x(-10).
-16
Let c(g) = 6*g**2 - g - 1. What is c(-3)?
56
Let n(r) = -72*r**2 + 3*r - 3. Calculate n(1).
-72
Let i(j) = 2*j**2 + 31*j + 35. Determine i(-14).
-7
Let z(p) = -2*p**2 + 2*p + 7. Give z(0).
7
Let n(k) = -4*k - 23. Give n(-6).
1
Let s(v) = -v**2 - 5*v + 3. Give s(-4).
7
Let q(p) = 3*p**3 + 14*p**2 + 14*p - 1. What is q(-1)?
-4
Let a(y) = -8*y**2 + y - 2. Calculate a(1).
-9
Let y(z) = 4*z + 62. What is y(-19)?
-14
Let s(b) = 2*b - 5. Give s(5).
5
Let q(r) = -r**2 - 11*r - 2. What is q(-10)?
8
Let b(z) = z**3 + 10*z**2 + 2. Determine b(-10).
2
Let p(y) = -5*y**3 + 2*y + 1. Calculate p(-1).
4
Let f(n) = 35*n - 1. What is f(1)?
34
Let w(h) = -48*h**2 + 9*h + 10. What is w(-1)?
-47
Let u(m) = m**3 - 9*m**2 + 11*m - 4. What is u(7)?
-25
Let i(h) = 5*h + 1. Determine i(7).
36
Let y(x) = -x**3 - 5*x**2 - 5*x + 3. Determine y(-5).
28
Let t(k) = -2*k + 5. Give t(2).
1
Let s(p) = p**3 + p**2 + 4*p. Determine s(0).
0
Let h(u) = -30*u + 10. Calculate h(-1).
40
Let r(s) = -s**2 - 32*s - 219. Determine r(-22).
1
